{"id":18917,"date":"2023-03-08T12:52:31","date_gmt":"2023-03-08T16:52:31","guid":{"rendered":"http:\/\/wp232190.wpdns.ca\/?post_type=event&#038;p=18917"},"modified":"2023-03-21T18:07:40","modified_gmt":"2023-03-21T22:07:40","slug":"paneles-suco-mujeres-agua","status":"publish","type":"event","link":"https:\/\/suco.org\/es\/events\/paneles-suco-mujeres-agua\/","title":{"rendered":"Paneles SUCO &#8211; Mujeres y agua \u00bfTiene g\u00e9nero el agua?"},"content":{"rendered":"\n<h2 class=\"wp-block-heading\">Mujeres y agua \u00bfTiene g\u00e9nero el agua?<\/h2>\n\n\n\n<p><em>Creados en nuestro 60 aniversario, los paneles de expertos de SUCO contin\u00faan realiz\u00e1ndose.<br>El panel \u201cMujeres y agua \u00bfTiene g\u00e9nero el agua?\u00bb es el tercer panel de una serie organizada por SUCO y sus organizaciones socias, en momentos clave del a\u00f1o a fin de compartir con el p\u00fablico sus diferentes experiencias en t\u00e9rminos de resiliencia frente al cambio clim\u00e1tico, sistemas alimentarios sostenibles, derechos de las mujeres y participaci\u00f3n, as\u00ed como en la movilizaci\u00f3n de los actores del cambio.<\/em><\/p>\n\n\n\n<h3 class=\"wp-block-heading\">Ver el panel (actualizado el 21 de marzo de 2023)<\/h3>\n\n\n\n<figure class=\"wp-block-embed is-type-video is-provider-youtube wp-block-embed-youtube wp-embed-aspect-16-9 wp-has-aspect-ratio\"><div class=\"wp-block-embed__wrapper\">\n<iframe loading=\"lazy\" title=\"Los paneles SUCO 2023 | Mujeres y agua \u00bfTiene g\u00e9nero el agua?\" width=\"500\" height=\"281\" src=\"https:\/\/www.youtube.com\/embed\/oTP4OU6pbwE?feature=oembed\" frameborder=\"0\" allow=\"accelerometer; autoplay; clipboard-write; encrypted-media; gyroscope; picture-in-picture; web-share\" referrerpolicy=\"strict-origin-when-cross-origin\" allowfullscreen><\/iframe>\n<\/div><\/figure>\n\n\n\n<h3 class=\"wp-block-heading\">\u00a1Celebre con nosotros el D\u00eda Internacional de la Mujer y el D\u00eda Mundial del Agua!<\/h3>\n\n\n\n<p>Dado que marzo es un mes abundante en actividades internacionales, hemos decidido unir nuestros esfuerzos con la Secretar\u00eda Internacional del Agua a fin de ofrecerle un panel a la medida. El tema elegido, \u201cMujeres y agua \u00bfTiene g\u00e9nero el agua?\u201d, une dos fechas clave: el 8 de marzo que conmemora el D\u00eda Internacional de la Mujer y el 22 de marzo que conmemora el D\u00eda Mundial del Agua.<\/p>\n\n\n\n<p>Adem\u00e1s, el panel Mujeres y agua hace parte de la Conferencia de las Naciones Unidas sobre el agua, que tendr\u00e1 lugar en Nueva York del 22 al 24 de marzo de 2023.<\/p>\n\n\n\n<h3 class=\"wp-block-heading\"><strong>\u201c200 millones de horas es la cifra que las mujeres y las ni\u00f1as pasan cada d\u00eda recogiendo agua\u201d<\/strong><\/h3>\n\n\n\n<p><strong>\u00bfCu\u00e1les son los v\u00ednculos entre las mujeres y la gesti\u00f3n de los recursos h\u00eddricos? \u00bfPor qu\u00e9 la cuesti\u00f3n de g\u00e9nero deber\u00eda estar en el centro de la gobernanza del agua? \u00bfQu\u00e9 lugar ocupan las mujeres en eventos internacionales tales como la Conferencia de las Naciones Unidas sobre el Agua?<\/strong><\/p>\n\n\n\n<p>Tantas preguntas imprescindibles que le proponemos abordar junto a nuestras 4 panelistas, el lunes 20 de marzo a partir de las 12h, v\u00eda zoom con:<\/p>\n\n\n\n<ul class=\"wp-block-list\"><li><strong>Rachel Araye Kpanou<\/strong>, Asistente t\u00e9cnica PNE N\u00e9nin, Ge\u00f3grafa ambientalista, Asociaci\u00f3n Nacional del Agua de Ben\u00edn.<\/li><li><strong>Maguette Ba<\/strong>, Gerente de comunicaciones, J\u00f3venes voluntarios para el Medio Ambiente, Senegal.<\/li><li><strong>Linda Gagnon<\/strong>, Responsable de Programas, Polo de las Am\u00e9ricas y el Caribe, Experta en Igualdad de G\u00e9nero, SUCO Canad\u00e1.<\/li><li><strong>Katty S\u00e1nchez Zelaya<\/strong>, Directora de COSECHA, Honduras.<\/li><\/ul>\n\n\n\n<section class=\"cta-block theme-block alignwide\">\n  <div class=\"cta-block__wrapper round-style\">\n                      \n  <div class=\"cta-card\">\n    <div class=\"cta-card__inner\"  >\n      <div class=\"bg-decoration--over\"><\/div>\n      <div class=\"bg-decoration--under\"><\/div>\n              <div class=\"cta-card__icon\">\n          <svg width=\"69\" height=\"78\" viewBox=\"0 0 69 78\" version=\"1.1\" xmlns=\"http:\/\/www.w3.org\/2000\/svg\"><g id=\"Page-1\" stroke=\"none\" stroke-width=\"1\" fill=\"none\" fill-rule=\"evenodd\"><g id=\"EFF2F3\" transform=\"translate(-347 -14)\" fill=\"#EFF2F3\" fill-rule=\"nonzero\"><g id=\"user-(2)-(1)\" transform=\"translate(347 14)\"><path d=\"M34.5 0C23.086 0 13.8 9.226 13.8 20.566c0 11.34 9.286 20.567 20.7 20.567s20.7-9.226 20.7-20.567C55.2 9.226 45.914 0 34.5 0zm0 36.563c-8.878 0-16.1-7.176-16.1-15.997 0-8.82 7.222-15.996 16.1-15.996s16.1 7.176 16.1 15.996-7.222 15.997-16.1 15.997zm25.755 18.006c-5.667-5.717-13.18-8.866-21.155-8.866h-9.2c-7.975 0-15.488 3.149-21.155 8.866C3.105 60.258 0 67.768 0 75.715A2.293 2.293 0 002.3 78h64.4c1.27 0 2.3-1.023 2.3-2.285 0-7.947-3.106-15.457-8.745-21.146zM4.7 73.429c1.154-12.961 12.015-23.155 25.2-23.155h9.2c13.185 0 24.047 10.194 25.199 23.157H4.7z\" id=\"Shape\"\/><\/g><\/g><\/g><\/svg>        <\/div>\n      \n      <div class=\"cta-card__content\">\n                  <h3>ENLACE PARA LA INSCRIPCI\u00d3N<\/h3> \n                      <\/div>\n\n      \n              <div class=\"cta-card__arrow\">\n          <span class=\"arrow icon-arrowRight\"><\/span>\n        <\/div>\n        <a href=\"https:\/\/us02web.zoom.us\/webinar\/register\/WN_5w73jUeiRl2S9DR0NzUSGg\" class=\"cta-card__link\" target=\"http:\/\/_blank\" rel=\"noopener\"><\/a>\n          <\/div>\n  <\/div>\n            <\/div>\n<\/section>\n\n\n\n<h3 class=\"wp-block-heading\">A prop\u00f3sito<\/h3>\n\n\n\n<p>Los paneles hacen parte de la programaci\u00f3n nacional de SUCO. A trav\u00e9s de nuestras actividades en Canad\u00e1, ofrecemos oportunidades de participaci\u00f3n concretas y positivas para transformar la sociedad y liderar una transici\u00f3n socioecol\u00f3gica justa y sostenible a nivel individual, colectivo y estructural.<\/p>\n\n\n\n<p>Esta serie de paneles es realizada con el apoyo financiero del Gobierno de Canad\u00e1 ofrecida por Global Affairs Canada.<\/p>\n\n\n\n<p><\/p>\n\n\n\n<p><\/p>\n\n\n\n<section class=\"partner-block theme-block alignwide\">\n  <div class=\"partner-block__wrapper\">\n    <h2 class=\"partner-block__title\">Organizaci\u00f3nes asociadas<\/h2>\n\n    <div class=\"partner-block__row swiper-container\">\n      <div class=\"swiper-wrapper\">\n                  <div class=\"partner-block__item swiper-slide\">\n            <a\n                            target='_blank' class=\"partner-block__link\">\n              <img decoding=\"async\" src=\"https:\/\/suco.org\/wp-content\/uploads\/2022\/02\/partners-partenaires-colors-fr.jpg\" alt=\"\" class=\"partner-block__logo\">\n            <\/a>\n\n          <\/div>\n                  <div class=\"partner-block__item swiper-slide\">\n            <a\n                            target='_blank' class=\"partner-block__link\">\n              <img decoding=\"async\" src=\"https:\/\/suco.org\/wp-content\/uploads\/2023\/03\/SIE.webp\" alt=\"\" class=\"partner-block__logo\">\n            <\/a>\n\n          <\/div>\n        \n      <\/div>\n        \n      <div class=\"partner-block__nav swiper-button-next\"><\/div>\n      <div class=\"partner-block__nav swiper-button-prev\"><\/div>\n    <\/div><!-- END partner-block__row -->\n\n  <\/div><!-- END partner-block__wrapper -->\n<\/section>\n","protected":false},"excerpt":{"rendered":"<p>Mujeres y agua \u00bfTiene g\u00e9nero el agua? Creados en nuestro 60 aniversario, los paneles de expertos de SUCO contin\u00faan realiz\u00e1ndose.El panel \u201cMujeres y agua \u00bfTiene g\u00e9nero el agua?\u00bb es el tercer panel de una serie organizada por SUCO y sus organizaciones socias, en momentos clave del a\u00f1o a fin de compartir con el p\u00fablico sus &hellip; <a href=\"https:\/\/suco.org\/es\/events\/paneles-suco-mujeres-agua\/\">Continued<\/a><\/p>\n","protected":false},"featured_media":18918,"template":"","event-category":[],"class_list":["post-18917","event","type-event","status-publish","has-post-thumbnail","hentry"],"acf":[],"_links":{"self":[{"href":"https:\/\/suco.org\/es\/wp-json\/wp\/v2\/event\/18917","targetHints":{"allow":["GET"]}}],"collection":[{"href":"https:\/\/suco.org\/es\/wp-json\/wp\/v2\/event"}],"about":[{"href":"https:\/\/suco.org\/es\/wp-json\/wp\/v2\/types\/event"}],"wp:featuredmedia":[{"embeddable":true,"href":"https:\/\/suco.org\/es\/wp-json\/wp\/v2\/media\/18918"}],"wp:attachment":[{"href":"https:\/\/suco.org\/es\/wp-json\/wp\/v2\/media?parent=18917"}],"wp:term":[{"taxonomy":"event-category","embeddable":true,"href":"https:\/\/suco.org\/es\/wp-json\/wp\/v2\/event-category?post=18917"}],"curies":[{"name":"wp","href":"https:\/\/api.w.org\/{rel}","templated":true}]}}

Paneles SUCO &#8211; Mujeres y agua ¿Tiene género el agua?

<h2 class="wp-block-heading">Mujeres y agua ¿Tiene género el agua?</h2>



<p><em>Creados en nuestro 60 aniversario, los paneles de expertos de SUCO continúan realizándose.<br>El panel “Mujeres y agua ¿Tiene género el agua?» es el tercer panel de una serie organizada por SUCO y sus organizaciones socias, en momentos clave del año a fin de compartir con el público sus diferentes experiencias en términos de resiliencia frente al cambio climático, sistemas alimentarios sostenibles, derechos de las mujeres y participación, así como en la movilización de los actores del cambio.</em></p>



<h3 class="wp-block-heading">Ver el panel (actualizado el 21 de marzo de 2023)</h3>



<figure class="wp-block-embed is-type-video is-provider-youtube wp-block-embed-youtube wp-embed-aspect-16-9 wp-has-aspect-ratio"><div class="wp-block-embed__wrapper">
<iframe loading="lazy" title="Los paneles SUCO 2023 | Mujeres y agua ¿Tiene género el agua?" width="500" height="281" src="https://www.youtube.com/embed/oTP4OU6pbwE?feature=oembed" frameborder="0" allow="accelerometer; autoplay; clipboard-write; encrypted-media; gyroscope; picture-in-picture; web-share" referrerpolicy="strict-origin-when-cross-origin" allowfullscreen></iframe>
</div></figure>



<h3 class="wp-block-heading">¡Celebre con nosotros el Día Internacional de la Mujer y el Día Mundial del Agua!</h3>



<p>Dado que marzo es un mes abundante en actividades internacionales, hemos decidido unir nuestros esfuerzos con la Secretaría Internacional del Agua a fin de ofrecerle un panel a la medida. El tema elegido, “Mujeres y agua ¿Tiene género el agua?”, une dos fechas clave: el 8 de marzo que conmemora el Día Internacional de la Mujer y el 22 de marzo que conmemora el Día Mundial del Agua.</p>



<p>Además, el panel Mujeres y agua hace parte de la Conferencia de las Naciones Unidas sobre el agua, que tendrá lugar en Nueva York del 22 al 24 de marzo de 2023.</p>



<h3 class="wp-block-heading"><strong>“200 millones de horas es la cifra que las mujeres y las niñas pasan cada día recogiendo agua”</strong></h3>



<p><strong>¿Cuáles son los vínculos entre las mujeres y la gestión de los recursos hídricos? ¿Por qué la cuestión de género debería estar en el centro de la gobernanza del agua? ¿Qué lugar ocupan las mujeres en eventos internacionales tales como la Conferencia de las Naciones Unidas sobre el Agua?</strong></p>



<p>Tantas preguntas imprescindibles que le proponemos abordar junto a nuestras 4 panelistas, el lunes 20 de marzo a partir de las 12h, vía zoom con:</p>



<ul class="wp-block-list"><li><strong>Rachel Araye Kpanou</strong>, Asistente técnica PNE Nénin, Geógrafa ambientalista, Asociación Nacional del Agua de Benín.</li><li><strong>Maguette Ba</strong>, Gerente de comunicaciones, Jóvenes voluntarios para el Medio Ambiente, Senegal.</li><li><strong>Linda Gagnon</strong>, Responsable de Programas, Polo de las Américas y el Caribe, Experta en Igualdad de Género, SUCO Canadá.</li><li><strong>Katty Sánchez Zelaya</strong>, Directora de COSECHA, Honduras.</li></ul>



<section class="cta-block theme-block alignwide">
  <div class="cta-block__wrapper round-style">
                      
  <div class="cta-card">
    <div class="cta-card__inner"  >
      <div class="bg-decoration--over"></div>
      <div class="bg-decoration--under"></div>
              <div class="cta-card__icon">
          <svg width="69" height="78" viewBox="0 0 69 78" version="1.1" xmlns="http://www.w3.org/2000/svg"><g id="Page-1" stroke="none" stroke-width="1" fill="none" fill-rule="evenodd"><g id="EFF2F3" transform="translate(-347 -14)" fill="#EFF2F3" fill-rule="nonzero"><g id="user-(2)-(1)" transform="translate(347 14)"><path d="M34.5 0C23.086 0 13.8 9.226 13.8 20.566c0 11.34 9.286 20.567 20.7 20.567s20.7-9.226 20.7-20.567C55.2 9.226 45.914 0 34.5 0zm0 36.563c-8.878 0-16.1-7.176-16.1-15.997 0-8.82 7.222-15.996 16.1-15.996s16.1 7.176 16.1 15.996-7.222 15.997-16.1 15.997zm25.755 18.006c-5.667-5.717-13.18-8.866-21.155-8.866h-9.2c-7.975 0-15.488 3.149-21.155 8.866C3.105 60.258 0 67.768 0 75.715A2.293 2.293 0 002.3 78h64.4c1.27 0 2.3-1.023 2.3-2.285 0-7.947-3.106-15.457-8.745-21.146zM4.7 73.429c1.154-12.961 12.015-23.155 25.2-23.155h9.2c13.185 0 24.047 10.194 25.199 23.157H4.7z" id="Shape"/></g></g></g></svg>        </div>
      
      <div class="cta-card__content">
                  <h3>ENLACE PARA LA INSCRIPCIÓN</h3> 
                      </div>

      
              <div class="cta-card__arrow">
          <span class="arrow icon-arrowRight"></span>
        </div>
        <a href="https://us02web.zoom.us/webinar/register/WN_5w73jUeiRl2S9DR0NzUSGg" class="cta-card__link" target="http://_blank" rel="noopener"></a>
          </div>
  </div>
            </div>
</section>



<h3 class="wp-block-heading">A propósito</h3>



<p>Los paneles hacen parte de la programación nacional de SUCO. A través de nuestras actividades en Canadá, ofrecemos oportunidades de participación concretas y positivas para transformar la sociedad y liderar una transición socioecológica justa y sostenible a nivel individual, colectivo y estructural.</p>



<p>Esta serie de paneles es realizada con el apoyo financiero del Gobierno de Canadá ofrecida por Global Affairs Canada.</p>



<p></p>



<p></p>



<section class="partner-block theme-block alignwide">
  <div class="partner-block__wrapper">
    <h2 class="partner-block__title">Organizaciónes asociadas</h2>

    <div class="partner-block__row swiper-container">
      <div class="swiper-wrapper">
                  <div class="partner-block__item swiper-slide">
            <a
                            target='_blank' class="partner-block__link">
              <img decoding="async" src="https://suco.org/wp-content/uploads/2022/02/partners-partenaires-colors-fr.jpg" alt="" class="partner-block__logo">
            </a>

          </div>
                  <div class="partner-block__item swiper-slide">
            <a
                            target='_blank' class="partner-block__link">
              <img decoding="async" src="https://suco.org/wp-content/uploads/2023/03/SIE.webp" alt="" class="partner-block__logo">
            </a>

          </div>
        
      </div>
        
      <div class="partner-block__nav swiper-button-next"></div>
      <div class="partner-block__nav swiper-button-prev"></div>
    </div><!-- END partner-block__row -->

  </div><!-- END partner-block__wrapper -->
</section>

<p>Mujeres y agua ¿Tiene género el agua? Creados en nuestro 60 aniversario, los paneles de expertos de SUCO continúan realizándose.El panel “Mujeres y agua ¿Tiene género el agua?» es el tercer panel de una serie organizada por SUCO y sus organizaciones socias, en momentos clave del año a fin de compartir con el público sus &hellip; <a href="https://suco.org/es/events/paneles-suco-mujeres-agua/">Continued</a></p>
